 when y is divided by 15?
13
Let z be (5 - 0)/((-4)/12). Let b = z + 23. What is the remainder when b is divided by 3?
2
Calculate the remainder when ((-11)/(-4))/((-11)/(-396)) is divided by 20.
19
Let r be 6*(21/6 - 3). Suppose 0 = 5*k - 2*z + 11, 3*z + 11 + 4 = -r*k. Calculate the remainder when 35 is divided by (k/6)/(1/(-24)).
11
Suppose -3*b + 0*b - 2*m = -13, 5*b + 20 = 5*m. Calculate the remainder when 5*b*(-406)/(-35) is divided by 20.
18
Let s(m) = 2*m - 1. Let t be s(2). Suppose 0 = -4*f + t*f + 3. What is the remainder when f/(-12) - (-33)/4 is divided by 5?
3
Let w(b) = b**2. Let z(u) = -u**3 + 8*u**2 + 10*u - 9. Let k be z(9). Suppose k*y - 3 = -3*y. What is the remainder when y is divided by w(1)?
0
Suppose -2*y - 185 = -2*h - y, 3*h = y + 278. What is the remainder when h is divided by 19?
17
Let k = -80 + 96. Let p be ((-1)/1)/(1/3). What is the remainder when k is divided by (p/(-4))/((-1)/(-12))?
7
Let f(k) = -k**2 + 8*k + 11. What is the remainder when f(8) is divided by 6?
5
Let x(h) = -h**2 + 17*h + 56. Suppose 3*y = -2*s + 35, -3*s = 2*s - y - 45. Calculate the remainder when x(18) is divided by s.
8
Let i = 3 + 14. Calculate the remainder when 66 is divided by i.
15
Let g(a) = -2*a**2 - 4*a + 1. Let q be g(-3). Let u(h) = 2*h + 1. Let f be u(q). Let k = f - -15. What is the remainder when 10 is divided by k?
4
Calculate the remainder when (-2 + 1)*(-39 - -8) is divided by 5.
1
Let l(m) = 3*m - 16. What is the remainder when 14 is divided by l(7)?
4
Suppose d - 11 = 3*f, -2*f = -5*d + 25 + 69. What is the remainder when d is divided by 8?
4
Suppose -2*h + 4*m = -2, -13 = -3*h - 2*m + 3*m. Suppose 0*u - h = -5*u. Calculate the remainder when 8 + 2/2 + u is divided by 6.
4
Let m(u) = u**3 - 8*u**2 + 7*u - 4. Let a be m(7). What is the remainder when ((-12)/10)/(((-12)/40)/3) is divided by (a/6)/((-6)/63)?
5
What is the remainder when 2 is divided by ((-51)/(-12) + -4)*4?
0
Let t(n) = 4*n - 4. Suppose -5*j - 34 - 132 = -4*s, 2*j = 4. Let m = s - 30. What is the remainder when m is divided by t(3)?
6
Let w = 3 - 5. Let p = w - -5. Suppose t - p = 1. Calculate the remainder when t is divided by 2.
0
Let h = -6 - -56. Calculate the remainder when h is divided by 18.
14
What is the remainder when 41 is divided by -1*33*8/(-24)?
8
Suppose -3*l = l - 12, 0 = 4*n - 3*l - 11. Calculate the remainder when 18 is divided by n.
3
Suppose 2*o - 3*o + 220 = 0. Suppose 3*f - 75 = -2*h, 5*h - o = f - 2*f. Calculate the remainder when h is divided by 16.
13
Let u = 7 + 9. Let b(h) = h + 1 - 4*h + 0 + 13*h**2. What is the remainder when b(2) is divided by u?
15
Suppose 49 - 19 = 5*g. Let q = g - -25. Calculate the remainder when q is divided by 8.
7
Let o(v) = 3*v**3 - v - 1. Let l be o(-1). Calculate the remainder when (-16)/2*l/6 is divided by 3.
1
Suppose -5 = t - 0. Let y = 10 + t. Calculate the remainder when y is divided by 4.
1
Suppose -2*y = -6*y - 2*w + 52, -3*y = -w - 44. What is the remainder when 67 is divided by y?
11
Let l(y) = -y**2 + 8*y + 14. Let v be l(10). Let o(z) = -z**2 + 7. Let j be o(5). Let t = v - j. What is the remainder when t is divided by 7?
5
Let v(r) = r**3 + 7*r**2 + 2. Let i be v(-7). Let y = 17 - -65. Calculate the remainder when y is divided by 28 + i/8*0.
26
Let i(v) = 11*v - 2. Let p = 86 + -27. What is the remainder when p is divided by i(2)?
19
Suppose q = 2*k + 18, -3*q + 0 = 5*k - 21. Suppose 0 = c - 2*j - 2 - 25, 0 = 3*c - 3*j - 93. Calculate the remainder when c is divided by q.
11
Suppose 0*x - 2*x = -6. Calculate the remainder when (2 - (-3 - 31)) + x is divided by 2 + -1 - -19 - 0.
19
Suppose -3*w = -6*w + 9. Suppose -3*l = 3*g - 36, -w*l + 2*g + 78 = l. Suppose l = 3*z - 2*z. Calculate the remainder when 32 is divided by z.
15
Let d(i) = 2*i + 19. Let h be d(-7). Let s(j) = -2. Let p(l) = -l + 20. Let r(f) = -2*p(f) - 22*s(f). Calculate the remainder when 41 is divided by r(h).
13
Suppose 0*p - 126 = -3*p. Suppose 7*d - 2*d = 55. Calculate the remainder when p is divided by d.
9
Let h(j) be the first derivative of -j**4/4 + 16*j**3/3 - 13*j**2/2 + 14*j - 2. Calculate the remainder when h(15) is divided by 15.
14
Suppose -6*g + 5*g = -28. Calculate the remainder when 139 is divided by g.
27
Suppose -2*l + 10 = -0*l. Suppose l*y = 6*y - 9. Calculate the remainder when y is divided by 5.
4
Suppose -4*p + 5 = -11. Suppose 0 = -z - 3*o - 5, p*z = 5*o - 3 + 34. What is the remainder when 11 is divided by z?
3
Let f be 0 - 3/9*0. Suppose -5*n = -f*n - 320. Suppose 0 = -5*s - 4*t + 158, 0*s - 2*t = 2*s - n. What is the remainder when s is divided by 16?
14
What is the remainder when -3 - ((-2684)/14 - (-2)/(-7)) is divided by 38?
37
Let i be 0/(3/((-3)/(-1))). Suppose i = -2*y + 3*y - 7. Suppose -3*u = -y*u + 16. Calculate the remainder when 14 is divided by u.
2
Suppose 3*w + 4*w = 84. Calculate the remainder when 20 is divided by w.
8
Let u(r) = r**2 + 4*r + 2. Calculate the remainder when 19 is divided by u(-5).
5
Let n(p) = -p**3 + 10*p**2 - 9*p + 5. Let f = -7 + 16. Let t(m) = m**3 + 3*m**2 - 4*m - 4. Calculate the remainder when t(-3) is divided by n(f).
3
Let u = 65 - 51. What is the remainder when 68 is divided by u?
12
Suppose -r + 5*r = 3*q - 24, q + 5*r - 27 = 0. Let n(k) = 5*k**2 + 25*k - 7. What is the remainder when n(-6) is divided by q?
11
Let d(p) = p**3 - p. Let q be d(1). Suppose -5*s + q*s + 50 = 0. Calculate the remainder when 17/((-2)/(-1 - 1)) is divided by s.
7
Let h(o) = 2*o**2 - 20*o + 7. Calculate the remainder when 84 is divided by h(11).
26
Let s = 569 - 276. Suppose 0 = 5*b - s + 83. Calculate the remainder when b is divided by 11.
9
Suppose 4*i = -2*p + 22, 0*i - 3*p = -4*i - 3. Calculate the remainder when (-9 - i)*(-3)/4 is divided by 4.
1
Let r(x) = x**2 - 2*x - 6. Let b be r(6). What is the remainder when (-4)/b - 562/(-18) is divided by (9 - 8)/(2/22)?
9
Let s = -13 + 16. What is the remainder when 6/5*20/s is divided by 3?
2
Let k(x) = -x**3 + 7*x**2 - 6*x + 6. Suppose 4*r = -2*q - 6 + 34, 4*q = 4*r + 92. Suppose 0 = 5*n - q. Calculate the remainder when k(6) is divided by n.
2
Let i(p) = 2*p. Let f be i(1). Suppose 4*d - f*v - 129 = -3*v, 0 = 3*v - 15. Calculate the remainder when d is divided by 11.
9
Let i = 1 - -4. Suppose i*r + 8 = r. Calculate the remainder when (3/r)/((-3)/2) is divided by 1.
0
Let w be 3 + 1 + (8 - 3). Suppose -4*x - 26 = -l, x + 2 = -3. What is the remainder when l is divided by w/(-12) + (-19)/(-4)?
2
Let u = 1 - -1. Suppose 7 = 3*y + 4*i + 1, -5*y + 10 = u*i. What is the remainder when 4 is divided by y?
0
Suppose 4*x - 196 = -x + 2*w, 3*x = -5*w + 99. Calculate the remainder when 127 is divided by x.
13
Let s(n) = n**3 - 7*n**2 - 5*n - 16. What is the remainder when s(8) is divided by 3?
2
Let z(o) = -7*o - 20*o**2 + 37*o**2 + 2 - 18*o**2. Calculate the remainder when z(-6) is divided by 4.
0
Suppose -4 + 1 = -b. Suppose -4*w = -w + 5*y - 10, 0 = b*w - 5*y - 50. Calculate the remainder when (-20)/4*38/(-5) is divided by w.
8
Let p(v) = -6*v + 6. Let k be p(3). Let x = 20 + k. What is the remainder when 13 is divided by x?
5
Suppose 0 = r + 3*r + 4. Let b = 5 + r. Suppose 0*c = -4*c, b*c = -2*s + 20. Calculate the remainder when 28 is divided by s.
8
Suppose -5*a + 28 = -a + 4*t, -a + 17 = -4*t. Calculate the remainder when 35 is divided by a.
8
Let z(c) = c + 60. Let n be z(0). Suppose -n = -2*b - 3*b. What is the remainder when (-5 - -3) + (-37)/(-1) is divided by b?
11
Let u = 27 + -22. What is the remainder when 24 is divided by u?
4
Let f(c) = c**2 - 16*c + 24. Let d be f(16). Suppose 3*m + 5*o - d = 0, m + 2 = -5*o - 0. What is the remainder when 50 is divided by m?
11
Suppose x + x = 4. Suppose x*v + 15 = 3*v. Let c = 108 - 65. What is the remainder when c is divided by v?
13
Let f(g) = 2*g**2 + 1. Calculate the remainder when f(-4) is divided by 12.
9
Let w be ((-8)/(-10))/(12/(-30)). Suppose 2*r + 2 = -22. Calculate the remainder when (-22)/r - w/12 is divided by 1.
0
Suppose 4*x = -12*x + 704. Calculate the remainder when x is divided by 24.
20
Suppose 18 + 5 = 4*w - s, -3*w = 3*s - 36. What is the remainder when 16 is divided by w?
2
Let s = -4 + 5. Calculate the remainder when 2 is divided by s.
0
Suppose 209 = 3*o - 5*g,